?
False
Is 144945441919 a prime number?
False
Is 16549872211 prime?
False
Is 25283037713 composite?
False
Is 197751431 a composite number?
False
Is 228141943 composite?
True
Is 4958718209 a prime number?
True
Is 10355130623 composite?
True
Is 10070412431 composite?
False
Is 6330160883 prime?
True
Is 12097746659 a composite number?
True
Is 623248293 composite?
True
Is 99432042673 composite?
False
Is 107724382411 a composite number?
False
Is 14626467263 a composite number?
False
Is 853328377 composite?
True
Is 470815139 a prime number?
False
Is 20339035381 prime?
False
Is 10903732831 a prime number?
False
Is 236529091 a composite number?
False
Is 424801205317 a prime number?
True
Is 24038993663 a prime number?
False
Is 1878231143 a composite number?
False
Is 8854779797 prime?
True
Is 2834303398 a composite number?
True
Is 2232304643 composite?
False
Is 126528578909 a prime number?
True
Is 26213527 a composite number?
False
Is 2642232883 a composite number?
True
Is 4086243377 prime?
True
Is 122023080083 composite?
False
Is 1344761789 a composite number?
True
Is 1071424219 composite?
False
Is 13175010037 composite?
True
Is 16545481129 prime?
True
Is 4909061887 prime?
False
Is 187017109 prime?
True
Is 27289423361 a prime number?
False
Is 1465273067 prime?
True
Is 419606839 composite?
False
Is 12629495649 prime?
False
Is 2310259069 prime?
False
Is 3731339653 a prime number?
False
Is 451024369 composite?
True
Is 30752646011 a composite number?
False
Is 41644735247 a prime number?
True
Is 62317457 a composite number?
False
Is 89765638369 composite?
True
Is 21112181213 prime?
False
Is 21180697 prime?
True
Is 21436962163 composite?
False
Is 19340732969 a composite number?
False
Is 2054945461 composite?
True
Is 474638663 composite?
False
Is 780304487 composite?
True
Is 36203637883 prime?
False
Is 6507615993 a composite number?
True
Is 193753337 composite?
False
Is 4893292933 a composite number?
False
Is 77582643253 a prime number?
True
Is 322411949 a composite number?
False
Is 282559514497 a prime number?
False
Is 5200097191 composite?
False
Is 2595901579 a prime number?
False
Is 458119663 a prime number?
False
Is 105850386979 a composite number?
False
Is 114496496737 composite?
True
Is 274643323 composite?
False
Is 22890132043 a prime number?
True
Is 627291233 a prime number?
True
Is 69351951173 a composite number?
False
Is 1314627973 a prime number?
True
Is 8950850579 a prime number?
False
Is 20715499733 a composite number?
True
Is 99512286329 a composite number?
False
Is 72792136643 prime?
False
Is 2841277687 composite?
False
Is 5592764909 a prime number?
True
Is 14662769411 composite?
False
Is 42324506269 composite?
True
Is 5649818533 a prime number?
False
Is 485900735 prime?
False
Is 236434099207 composite?
False
Is 7664967823 a composite number?
False
Is 2214954787 a composite number?
False
Is 116811068711 a prime number?
False
Is 3196328519 a prime number?
True
Is 5481469843 a prime number?
True
Is 65694897167 composite?
False
Is 23546834561 a composite number?
False
Is 6777806669 a prime number?
True
Is 7500490061 a prime number?
True
Is 169867258229 prime?
True
Is 8066148263 composite?
True
Is 1187726066 a composite number?
True
Is 51079363007 a prime number?
True
Is 5207396267 composite?
False
Is 4175233871 a prime number?
True
Is 18307113317 a prime number?
True
Is 137988827 a prime number?
True
Is 1861905737 a composite number?
False
Is 1288312149 prime?
False
Is 826190177 a prime number?
True
Is 865314611 composite?
True
Is 20229456329 a composite number?
False
Is 938608327 prime?
False
Is 24616085471 prime?
True
Is 9584848831 a prime number?
True
Is 18132191911 prime?
True
Is 3513274147 composite?
False
Is 14915565719 a prime number?
True
Is 606928561 a composite number?
False
Is 14895482347 a composite number?
False
Is 11337475819 composite?
True
Is 178633867 a prime number?
True
Is 519816103 prime?
False
Is 617501221 composite?
False
Is 12879634429 prime?
True
Is 2223653231 composite?
False
Is 6980038741 a composite number?
True
Is 2624717071 prime?
True
Is 414788483 composite?
False
Is 26319782497 prime?
True
Is 2802059581 composite?
True
Is 76090333589 a composite number?
True
Is 21240369377 prime?
True
Is 71507230997 prime?
True
Is 3903911881 a prime number?
True
Is 2227682473 a prime number?
False
Is 531067321 a composite number?
True
Is 299438239 a composite number?
True
Is 10251463771 a prime number?
True
Is 268364147 a prime number?
False
Is 977527667 a prime number?
False
Is 6139644823 a composite number?
True
Is 3163717003 a composite number?
False
Is 2041481147 a prime number?
True
Is 11351424622 prime?
False
Is 31451477 a composite number?
True
Is 305296643891 composite?
True
Is 17135282861 a composite number?
True
Is 657874241 composite?
True
Is 712897681 composite?
False
Is 4961001959 prime?
False
Is 618001807 a prime number?
True
Is 17170810351 a composite number?
False
Is 5331628581 composite?
True
Is 5878977521 composite?
True
Is 30955744681 a composite number?
True
Is 5966243453 composite?
True
Is 6584032891 composite?
False
Is 448295713 prime?
True
Is 160747583 composite?
True
Is 23240873 a composite number?
True
Is 9898443641 composite?
True
Is 6168129841 composite?
False
Is 1225352977 a prime number?
False
Is 7711209589 composite?
False
Is 180779539 a composite number?
True
Is 2851874017 a prime number?
False
Is 6218448469 prime?
False
Is 8633075287 prime?
True
Is 1092225349 composite?
True
Is 16565271103 a composite number?
True
Is 3472276994 prime?
False
Is 2939828251 a composite number?
True
Is 326981623 a composite number?
False
Is 466263563 prime?
False
Is 8086139053 a composite number?
False
Is 15219219299 composite?
False
Is 7385057839 prime?
False
Is 35250473459 composite?
True
Is 75230321071 a prime number?
False
Is 422149547 a composite number?
False
Is 240652523 composite?
True
Is 9544822753 a composite number?
False
Is 187633573 a prime number?
False
Is 565954303 a composite number?
False
Is 4382556383 a composite number?
True
Is 7806134451 prime?
False
Is 205986309 a composite number?
True
Is 2259820807 composite?
True
Is 10320197 prime?
False
Is 34985987 composite?
False
Is 31884025969 a composite number?
False
Is 11249789267 composite?
False
Is 1510541155 prime?
False
Is 701450509 a prime number?
False
Is 4038104111 prime?
True
Is 947476567 composite?
False
Is 1182203023 a prime number?
False
Is 220915824203 composite?
True
Is 17729783417 a prime number?
True
Is 28246076107 a prime number?
True
Is 123820699 a composite number?
True
Is 1419854131 a composite number?
False
Is 4638003473 composite?
True
Is 4018502498 a composite number?
True
Is 75778886297 a composite number?
False
Is 12333376619 a composite number?
False
Is 1298675359 prime?
False
Is 11021128903 prime?
False
Is 1662248233 a prime number?
True
Is 1711810481 a prime number?
True
Is 572357561 a prime number?
False
Is 74074471 prime?
False
Is 1120454233 prime?
True
Is 12738654961 prime?
True
Is 870001621 a composite number?
True
Is 317724839 composite?
False
Is 248797961 prime?
False
Is 82292653409 prime?
True
Is 12041601719 prime?
False
Is 17762551 a composite number?
False
Is 10705587527 composite?
False
Is 3581025051 prime?
False
Is 4201723567 prime?
False
Is 43486293337 a prime number?
True
Is 2432016949 composite?
False
Is 129422632043 prime?
True
Is 29830973479 composite?
True
Is 7772927959 a prime number?
False
Is 5689507813 a composite number?
True
Is 136290140977 composite?
True
Is 14116771391 a composite number?
False
Is 2912255146 prime?
False
Is 592298281 composite?
False
Is 5727633731 prime?
True
Is 34898979 a composite number?
True
Is 279316687 prime?
False
Is 2538190261 a prime number?
False
Is 12105891739 composite?
False
Is 19687574651 a composite number?
True
Is 1023769817 a prime number?
False
Is 10983066623 composite?
True
Is 3738659 a composite number?
False
Is 17276323 a prime number?
True
Is 305649121 composite?
False
Is 3865578133 a prime number?
False
Is 50635811497 a prime number?
True
Is 26931691 a prime number?
False
Is 6409763869 composite?
True
Is 358638913 a composite number?
False
Is 10812773071 prime?
True
Is 6678305897 a prime number?
True
Is 310626013 composite?
False
Is 990305797 composite?
True
Is 1268